{"id":228,"date":"2012-10-02T19:09:37","date_gmt":"2012-10-02T19:09:37","guid":{"rendered":"http:\/\/www.ttv-siegelbach.de\/?page_id=228"},"modified":"2016-09-15T11:58:35","modified_gmt":"2016-09-15T11:58:35","slug":"ehrenordnung","status":"publish","type":"page","link":"http:\/\/www.ttv-siegelbach.de\/?page_id=228","title":{"rendered":"Ehrenordnung"},"content":{"rendered":"<p><strong>\u00a0\u00a0\u00a0\u00a0\u00a0\u00a0\u00a0\u00a0\u00a0\u00a0\u00a0\u00a0\u00a0\u00a0\u00a0\u00a0\u00a0\u00a0\u00a0\u00a0\u00a0\u00a0\u00a0\u00a0\u00a0\u00a0\u00a0\u00a0\u00a0\u00a0\u00a0\u00a0\u00a0\u00a0\u00a0\u00a0\u00a0\u00a0\u00a0\u00a0\u00a0\u00a0\u00a0\u00a0\u00a0\u00a0\u00a0\u00a0\u00a0\u00a0\u00a0\u00a0\u00a0\u00a0\u00a0\u00a0\u00a0\u00a0\u00a0\u00a0\u00a0\u00a0\u00a0\u00a0\u00a0\u00a0\u00a0\u00a0\u00a0\u00a0\u00a0\u00a0\u00a0\u00a0\u00a0\u00a0\u00a0\u00a0 \u00a71<\/strong><\/p>\n<p>In Anerkennung besonderer Verdienste um den TTV Siegelbach e.V. k\u00f6nnen Mitglieder geehrt werden. Die Ehrungen bestehen in der Vergabe von Erinnerungsgaben, von Vereinsnadeln und in Ernennung zu Ehrenmitgliedern.<\/p>\n<p><strong>\u00a0\u00a0\u00a0\u00a0\u00a0\u00a0\u00a0\u00a0\u00a0\u00a0\u00a0\u00a0\u00a0\u00a0\u00a0\u00a0\u00a0\u00a0\u00a0\u00a0\u00a0\u00a0\u00a0\u00a0\u00a0\u00a0\u00a0\u00a0\u00a0\u00a0\u00a0\u00a0\u00a0\u00a0\u00a0\u00a0\u00a0\u00a0\u00a0\u00a0\u00a0\u00a0\u00a0\u00a0\u00a0\u00a0\u00a0\u00a0\u00a0\u00a0\u00a0\u00a0\u00a0\u00a0\u00a0\u00a0\u00a0\u00a0\u00a0\u00a0\u00a0\u00a0\u00a0\u00a0\u00a0\u00a0\u00a0\u00a0\u00a0\u00a0\u00a0\u00a0\u00a0\u00a0\u00a0\u00a0\u00a0\u00a0 \u00a72<\/strong><\/p>\n<p>Zust\u00e4ndig f\u00fcr die Verleihung von Erinnerungsgaben und Ehrennadeln ist der Gesamtvorstand. Ernennungen zu Ehrenmitgliedern nimmt die Mitgliederversammlung auf Vorschlag des Gesamtvorstandes vor.<\/p>\n<p><strong> \u00a0\u00a0\u00a0\u00a0\u00a0\u00a0\u00a0\u00a0\u00a0\u00a0\u00a0\u00a0\u00a0\u00a0\u00a0\u00a0\u00a0\u00a0\u00a0\u00a0\u00a0\u00a0\u00a0\u00a0\u00a0\u00a0\u00a0\u00a0\u00a0\u00a0\u00a0\u00a0\u00a0\u00a0\u00a0\u00a0\u00a0\u00a0\u00a0\u00a0\u00a0\u00a0\u00a0\u00a0\u00a0\u00a0\u00a0\u00a0\u00a0\u00a0\u00a0\u00a0\u00a0\u00a0\u00a0\u00a0\u00a0\u00a0\u00a0\u00a0\u00a0\u00a0\u00a0\u00a0\u00a0\u00a0\u00a0\u00a0\u00a0\u00a0\u00a0\u00a0\u00a0\u00a0\u00a0\u00a0\u00a0\u00a0\u00a0 \u00a73<\/strong><\/p>\n<p>Erinnerungsgaben k\u00f6nnen verliehen werden an:<\/p>\n<p>1. Mitglieder des Vorstandes, die nach langj\u00e4hriger T\u00e4tigkeiten ausscheiden.<\/p>\n<p>2. Mitglieder, die sich in Teilbereichen der Vereinsarbeit hervorgetan und engagiert haben.<\/p>\n<p>3. Spieler, die eine langj\u00e4hrige aktive Laufbahn beenden.<\/p>\n<p>4. Mannschaften und Betreuer, die eine Meisterschaft errungen haben.<\/p>\n<p>Entsprechende Vorschl\u00e4ge unterbreiten die Gremien des Vereins bzw. Mitglieder des Gesamtvorstandes.<\/p>\n<p><strong>\u00a0\u00a0\u00a0\u00a0\u00a0\u00a0\u00a0\u00a0\u00a0\u00a0\u00a0\u00a0\u00a0\u00a0\u00a0\u00a0\u00a0\u00a0\u00a0\u00a0\u00a0\u00a0\u00a0\u00a0\u00a0\u00a0\u00a0\u00a0\u00a0\u00a0\u00a0\u00a0\u00a0\u00a0\u00a0\u00a0\u00a0\u00a0\u00a0\u00a0\u00a0\u00a0\u00a0\u00a0\u00a0\u00a0\u00a0\u00a0\u00a0\u00a0\u00a0\u00a0\u00a0\u00a0\u00a0\u00a0\u00a0\u00a0\u00a0\u00a0\u00a0\u00a0\u00a0\u00a0\u00a0\u00a0\u00a0\u00a0\u00a0\u00a0\u00a0\u00a0\u00a0\u00a0\u00a0\u00a0\u00a0\u00a0\u00a0\u00a0\u00a0\u00a0 \u00a74<\/strong><\/p>\n<p>Vereinsehrennadeln werden an vollj\u00e4hrige Mitglieder verliehen:<\/p>\n<p>1. Die silberne Ehrennadel kann erhalten, wer mindestens 25 Jahre ununterbrochen Mitglied im Verein war.<\/p>\n<p>2. Die goldene Ehrennadel kann erhalten, wer mindestens 40 Jahre ununterbrochen Mitglied im Verein war.<\/p>\n<p>In besonderen F\u00e4llen kann der Gesamtvorstand von einer zeitlichen Bestimmung oder Voraussetzung Abstand nehmen.<\/p>\n<p><strong>\u00a0\u00a0\u00a0\u00a0\u00a0\u00a0\u00a0\u00a0\u00a0\u00a0\u00a0\u00a0\u00a0\u00a0\u00a0\u00a0\u00a0\u00a0\u00a0\u00a0\u00a0\u00a0\u00a0\u00a0\u00a0\u00a0\u00a0\u00a0\u00a0\u00a0\u00a0\u00a0\u00a0\u00a0\u00a0\u00a0\u00a0\u00a0\u00a0\u00a0\u00a0\u00a0\u00a0\u00a0\u00a0\u00a0\u00a0\u00a0\u00a0\u00a0\u00a0\u00a0\u00a0\u00a0\u00a0\u00a0\u00a0\u00a0\u00a0\u00a0\u00a0\u00a0\u00a0\u00a0\u00a0\u00a0\u00a0\u00a0\u00a0\u00a0\u00a0\u00a0\u00a0\u00a0\u00a0\u00a0\u00a0\u00a0\u00a0\u00a0\u00a0\u00a0\u00a0 \u00a75<\/strong><\/p>\n<p>Zum Ehrenmitglied kann ernannt werden, wer sich um den Verein au\u00dferordentliche Verdienste erworben hat oder wer nach dem Erhalt der goldenen Ehrennadel weiterhin aktiv t\u00e4tig war.<\/p>\n<p>Ehrenmitglieder sind von der Beitragspflicht befreit.<\/p>\n<p><strong>\u00a0\u00a0\u00a0\u00a0\u00a0\u00a0\u00a0\u00a0\u00a0\u00a0\u00a0\u00a0\u00a0\u00a0\u00a0\u00a0\u00a0\u00a0\u00a0\u00a0\u00a0\u00a0\u00a0\u00a0\u00a0\u00a0\u00a0\u00a0\u00a0\u00a0\u00a0\u00a0\u00a0\u00a0\u00a0\u00a0\u00a0\u00a0\u00a0\u00a0\u00a0\u00a0\u00a0\u00a0\u00a0\u00a0\u00a0\u00a0\u00a0\u00a0\u00a0\u00a0\u00a0\u00a0\u00a0\u00a0\u00a0\u00a0\u00a0\u00a0\u00a0\u00a0\u00a0\u00a0\u00a0\u00a0\u00a0\u00a0\u00a0\u00a0\u00a0\u00a0\u00a0\u00a0\u00a0\u00a0\u00a0\u00a0\u00a0\u00a0\u00a0\u00a0\u00a0 \u00a76<\/strong><\/p>\n<p>\u00dcber die vorgenannten Ehrungen werden Urkunden ausgestellt.<\/p>\n<p><strong>\u00a0\u00a0\u00a0\u00a0\u00a0\u00a0\u00a0\u00a0\u00a0\u00a0\u00a0\u00a0\u00a0\u00a0\u00a0\u00a0\u00a0\u00a0\u00a0\u00a0\u00a0\u00a0\u00a0\u00a0\u00a0\u00a0\u00a0\u00a0\u00a0\u00a0\u00a0\u00a0\u00a0\u00a0\u00a0\u00a0\u00a0\u00a0\u00a0\u00a0\u00a0\u00a0\u00a0\u00a0\u00a0\u00a0\u00a0\u00a0\u00a0\u00a0\u00a0\u00a0\u00a0\u00a0\u00a0\u00a0\u00a0\u00a0\u00a0\u00a0\u00a0\u00a0\u00a0\u00a0\u00a0\u00a0\u00a0\u00a0\u00a0\u00a0\u00a0\u00a0\u00a0\u00a0\u00a0\u00a0\u00a0\u00a0\u00a0\u00a0\u00a0\u00a0\u00a0 \u00a77<\/strong><\/p>\n<p>\u00dcber den Zeitpunkt der Verleihungen bzw. Ehrungen entscheidet der Gesamtvorstand.<\/p>\n<p><strong>\u00a0\u00a0\u00a0\u00a0\u00a0\u00a0\u00a0\u00a0\u00a0\u00a0\u00a0\u00a0\u00a0\u00a0\u00a0\u00a0\u00a0\u00a0\u00a0\u00a0\u00a0\u00a0\u00a0\u00a0\u00a0\u00a0\u00a0\u00a0\u00a0\u00a0\u00a0\u00a0\u00a0\u00a0\u00a0\u00a0\u00a0\u00a0\u00a0\u00a0\u00a0\u00a0\u00a0\u00a0\u00a0\u00a0\u00a0\u00a0\u00a0\u00a0\u00a0\u00a0\u00a0\u00a0\u00a0\u00a0\u00a0\u00a0\u00a0\u00a0\u00a0\u00a0\u00a0\u00a0\u00a0\u00a0\u00a0\u00a0\u00a0\u00a0\u00a0\u00a0\u00a0\u00a0\u00a0\u00a0\u00a0\u00a0\u00a0\u00a0\u00a0\u00a0\u00a0 \u00a78<\/strong><\/p>\n<p>Ehrungen k\u00f6nnen vom Gesamtvorstand, Ernennungen von der Mitgliederversammlung wieder aberkannt werden wenn ihre Tr\u00e4ger rechtswirksam aus dem Verein ausgeschlossen worden sind.<\/p>\n<p><strong>\u00a0\u00a0\u00a0\u00a0\u00a0\u00a0\u00a0\u00a0\u00a0\u00a0\u00a0\u00a0\u00a0\u00a0\u00a0\u00a0\u00a0\u00a0\u00a0\u00a0\u00a0\u00a0\u00a0\u00a0\u00a0\u00a0\u00a0\u00a0\u00a0\u00a0\u00a0\u00a0\u00a0\u00a0\u00a0\u00a0\u00a0\u00a0\u00a0\u00a0\u00a0\u00a0\u00a0\u00a0\u00a0\u00a0\u00a0\u00a0\u00a0\u00a0\u00a0\u00a0\u00a0\u00a0\u00a0\u00a0\u00a0\u00a0\u00a0\u00a0\u00a0\u00a0\u00a0\u00a0\u00a0\u00a0\u00a0\u00a0\u00a0\u00a0\u00a0\u00a0\u00a0\u00a0\u00a0\u00a0\u00a0\u00a0\u00a0\u00a0\u00a0\u00a0\u00a0\u00a0 \u00a7<\/strong><strong>9<\/strong><\/p>\n<p>Geschenke:<\/p>\n<p>Vereinsmitgliedern k\u00f6nnen bei besonderen Anl\u00e4ssen Geschenke \u00fcberreicht werden. Voraussetzung ist eine mindestens einj\u00e4hrige Mitgliedschaft.<\/p>\n<p>1. Geburtstage von 50, 60, 70, 75, 80, 85, 90, 95 und 100 Jahren<\/p>\n<p>2. Hochzeiten aktiver Spieler\/-innen<\/p>\n<p>3. Krankenhausaufenthalt aktiver Spieler\/-innen<\/p>\n<p>Die Art von Geschenken werden von Fall zu Fall vom Gesamtvorstand festgelegt. Die \u00dcberreichung obliegt dem gesch\u00e4ftsf\u00fchrenden Vorstand.<\/p>\n<p>\u00dcber weitere m\u00f6gliche Anl\u00e4sse ist im gesch\u00e4ftsf\u00fchrenden Vorstand ein entsprechender Beschluss zu fassen.<\/p>\n","protected":false},"excerpt":{"rendered":"<p>\u00a0\u00a0\u00a0\u00a0\u00a0\u00a0\u00a0\u00a0\u00a0\u00a0\u00a0\u00a0\u00a0\u00a0\u00a0\u00a0\u00a0\u00a0\u00a0\u00a0\u00a0\u00a0\u00a0\u00a0\u00a0\u00a0\u00a0\u00a0\u00a0\u00a0\u00a0\u00a0\u00a0\u00a0\u00a0\u00a0\u00a0\u00a0\u00a0\u00a0\u00a0\u00a0\u00a0\u00a0\u00a0\u00a0\u00a0\u00a0\u00a0\u00a0\u00a0\u00a0\u00a0\u00a0\u00a0\u00a0\u00a0\u00a0\u00a0\u00a0\u00a0\u00a0\u00a0\u00a0\u00a0\u00a0\u00a0\u00a0\u00a0\u00a0\u00a0\u00a0\u00a0\u00a0\u00a0\u00a0\u00a0\u00a0 \u00a71 In Anerkennung besonderer Verdienste um den TTV Siegelbach e.V. k\u00f6nnen Mitglieder geehrt werden. Die Ehrungen bestehen in der Vergabe von Erinnerungsgaben, von Vereinsnadeln und in Ernennung zu Ehrenmitgliedern. \u00a0\u00a0\u00a0\u00a0\u00a0\u00a0\u00a0\u00a0\u00a0\u00a0\u00a0\u00a0\u00a0\u00a0\u00a0\u00a0\u00a0\u00a0\u00a0\u00a0\u00a0\u00a0\u00a0\u00a0\u00a0\u00a0\u00a0\u00a0\u00a0\u00a0\u00a0\u00a0\u00a0\u00a0\u00a0\u00a0\u00a0\u00a0\u00a0\u00a0\u00a0\u00a0\u00a0\u00a0\u00a0\u00a0\u00a0\u00a0\u00a0\u00a0\u00a0\u00a0\u00a0\u00a0\u00a0\u00a0\u00a0\u00a0\u00a0\u00a0\u00a0\u00a0\u00a0\u00a0\u00a0\u00a0\u00a0\u00a0\u00a0\u00a0\u00a0\u00a0\u00a0\u00a0\u00a0\u00a0\u00a0\u00a0 \u00a72 Zust\u00e4ndig f\u00fcr die Verleihung von Erinnerungsgaben und Ehrennadeln &hellip; <a href=\"http:\/\/www.ttv-siegelbach.de\/?page_id=228\">Weiterlesen <span class=\"meta-nav\">&rarr;<\/span><\/a><\/p>\n","protected":false},"author":1,"featured_media":0,"parent":216,"menu_order":1,"comment_status":"closed","ping_status":"closed","template":"","meta":{"ngg_post_thumbnail":0,"footnotes":""},"_links":{"self":[{"href":"http:\/\/www.ttv-siegelbach.de\/index.php?rest_route=\/wp\/v2\/pages\/228"}],"collection":[{"href":"http:\/\/www.ttv-siegelbach.de\/index.php?rest_route=\/wp\/v2\/pages"}],"about":[{"href":"http:\/\/www.ttv-siegelbach.de\/index.php?rest_route=\/wp\/v2\/types\/page"}],"author":[{"embeddable":true,"href":"http:\/\/www.ttv-siegelbach.de\/index.php?rest_route=\/wp\/v2\/users\/1"}],"replies":[{"embeddable":true,"href":"http:\/\/www.ttv-siegelbach.de\/index.php?rest_route=%2Fwp%2Fv2%2Fcomments&post=228"}],"version-history":[{"count":16,"href":"http:\/\/www.ttv-siegelbach.de\/index.php?rest_route=\/wp\/v2\/pages\/228\/revisions"}],"predecessor-version":[{"id":1382,"href":"http:\/\/www.ttv-siegelbach.de\/index.php?rest_route=\/wp\/v2\/pages\/228\/revisions\/1382"}],"up":[{"embeddable":true,"href":"http:\/\/www.ttv-siegelbach.de\/index.php?rest_route=\/wp\/v2\/pages\/216"}],"wp:attachment":[{"href":"http:\/\/www.ttv-siegelbach.de\/index.php?rest_route=%2Fwp%2Fv2%2Fmedia&parent=228"}],"curies":[{"name":"wp","href":"https:\/\/api.w.org\/{rel}","templated":true}]}}

<p><strong>                                                                               §1</strong></p>
<p>In Anerkennung besonderer Verdienste um den TTV Siegelbach e.V. können Mitglieder geehrt werden. Die Ehrungen bestehen in der Vergabe von Erinnerungsgaben, von Vereinsnadeln und in Ernennung zu Ehrenmitgliedern.</p>
<p><strong>                                                                               §2</strong></p>
<p>Zuständig für die Verleihung von Erinnerungsgaben und Ehrennadeln ist der Gesamtvorstand. Ernennungen zu Ehrenmitgliedern nimmt die Mitgliederversammlung auf Vorschlag des Gesamtvorstandes vor.</p>
<p><strong>                                                                                 §3</strong></p>
<p>Erinnerungsgaben können verliehen werden an:</p>
<p>1. Mitglieder des Vorstandes, die nach langjähriger Tätigkeiten ausscheiden.</p>
<p>2. Mitglieder, die sich in Teilbereichen der Vereinsarbeit hervorgetan und engagiert haben.</p>
<p>3. Spieler, die eine langjährige aktive Laufbahn beenden.</p>
<p>4. Mannschaften und Betreuer, die eine Meisterschaft errungen haben.</p>
<p>Entsprechende Vorschläge unterbreiten die Gremien des Vereins bzw. Mitglieder des Gesamtvorstandes.</p>
<p><strong>                                                                                   §4</strong></p>
<p>Vereinsehrennadeln werden an volljährige Mitglieder verliehen:</p>
<p>1. Die silberne Ehrennadel kann erhalten, wer mindestens 25 Jahre ununterbrochen Mitglied im Verein war.</p>
<p>2. Die goldene Ehrennadel kann erhalten, wer mindestens 40 Jahre ununterbrochen Mitglied im Verein war.</p>
<p>In besonderen Fällen kann der Gesamtvorstand von einer zeitlichen Bestimmung oder Voraussetzung Abstand nehmen.</p>
<p><strong>                                                                                    §5</strong></p>
<p>Zum Ehrenmitglied kann ernannt werden, wer sich um den Verein außerordentliche Verdienste erworben hat oder wer nach dem Erhalt der goldenen Ehrennadel weiterhin aktiv tätig war.</p>
<p>Ehrenmitglieder sind von der Beitragspflicht befreit.</p>
<p><strong>                                                                                    §6</strong></p>
<p>Über die vorgenannten Ehrungen werden Urkunden ausgestellt.</p>
<p><strong>                                                                                    §7</strong></p>
<p>Über den Zeitpunkt der Verleihungen bzw. Ehrungen entscheidet der Gesamtvorstand.</p>
<p><strong>                                                                                    §8</strong></p>
<p>Ehrungen können vom Gesamtvorstand, Ernennungen von der Mitgliederversammlung wieder aberkannt werden wenn ihre Träger rechtswirksam aus dem Verein ausgeschlossen worden sind.</p>
<p><strong>                                                                                     §</strong><strong>9</strong></p>
<p>Geschenke:</p>
<p>Vereinsmitgliedern können bei besonderen Anlässen Geschenke überreicht werden. Voraussetzung ist eine mindestens einjährige Mitgliedschaft.</p>
<p>1. Geburtstage von 50, 60, 70, 75, 80, 85, 90, 95 und 100 Jahren</p>
<p>2. Hochzeiten aktiver Spieler/-innen</p>
<p>3. Krankenhausaufenthalt aktiver Spieler/-innen</p>
<p>Die Art von Geschenken werden von Fall zu Fall vom Gesamtvorstand festgelegt. Die Überreichung obliegt dem geschäftsführenden Vorstand.</p>
<p>Über weitere mögliche Anlässe ist im geschäftsführenden Vorstand ein entsprechender Beschluss zu fassen.</p>

<p>                                                                               §1 In Anerkennung besonderer Verdienste um den TTV Siegelbach e.V. können Mitglieder geehrt werden. Die Ehrungen bestehen in der Vergabe von Erinnerungsgaben, von Vereinsnadeln und in Ernennung zu Ehrenmitgliedern.                                                                                §2 Zuständig für die Verleihung von Erinnerungsgaben und Ehrennadeln &hellip; <a href="http://www.ttv-siegelbach.de/?page_id=228">Weiterlesen <span class="meta-nav">&rarr;</span></a></p>
